 is divided by f.
31
Let b be 462/12 - (-1)/2. Let t = b + -3. Suppose k = t + 13. What is the remainder when k is divided by 10?
9
Let i = -124 + 71. Let o = i + 88. What is the remainder when o is divided by 12?
11
Suppose -4*v = -2*v - 42. Let u = v - -14. Calculate the remainder when u is divided by 4/26 - (-37)/13 - -10.
9
Let i be 3/((2/(-176))/(6/(-9))). Let h = -63 + i. Calculate the remainder when h is divided by 19.
18
Suppose -i = i + 2*f - 292, 2*i - 3*f - 302 = 0. What is the remainder when i is divided by 50?
48
Let z = 17 - 19. What is the remainder when 231/14 - z/(-4) is divided by ((-9)/(-4))/((-3)/(-12))?
7
Suppose -3*d + 3*l + 42 = 0, 4*d + 4*l - 45 = 27. Calculate the remainder when (1/(-3))/((-1)/87) is divided by d.
13
Let w(h) = 7*h + 16. Let a be w(-9). Let l = -39 - a. What is the remainder when 37 is divided by l?
5
Let o = -35 + 38. Suppose 3*m + 213 = 5*b - m, -2*b + 76 = o*m. What is the remainder when b is divided by 11?
8
Suppose -4*w - 32 = 4*o - 96, 3*o + 3 = 0. Let a = 71 - 28. Suppose n = 3*d - 32, 2*d = 2*n + a - 15. What is the remainder when w is divided by d?
8
Let x = 220 + -381. Let q = -89 - x. Suppose 0 = -5*y + k + 74, 3*y = -3*k + 4*k + 44. What is the remainder when q is divided by y?
12
Suppose -k = 4*u - 26, -3*k + 79 = 2*k + 3*u. Calculate the remainder when 24 + (-240)/(-108) + 6/(-27) is divided by k.
12
Suppose 5*k = 3*k - 3*f + 6, 2*k - 6 = -5*f. Calculate the remainder when (2 - (-28)/(-8))/(k/(-26)) is divided by 4.
1
Suppose 5 = l + 1. Suppose 5*u = 5*z - 50, 4*z + l*u - 6*u - 36 = 0. What is the remainder when 14 is divided by z?
6
Suppose -530 = 2*b - 706. What is the remainder when b is divided by 6?
4
Suppose -556 - 170 = -11*h. What is the remainder when h is divided by 7?
3
Let o(r) = 4*r**2 - 2*r + 3. Let i be o(2). Let v = i + -7. Let x(p) = 5*p - 7. What is the remainder when x(v) is divided by 12?
9
Let t(p) = -7*p**3 + 19*p**2 + 17*p - 38. Let w(v) = 3*v**3 - 9*v**2 - 8*v + 19. Let m(d) = 2*t(d) + 5*w(d). What is the remainder when 103 is divided by m(8)?
33
Let k(o) = -8*o**2 + 2*o**2 - 7*o + o**3 - 5*o + 4*o + 1. Calculate the remainder when k(8) is divided by 22.
21
Suppose -42 = -8*q + 6. Suppose u - 13 = -q. Suppose 2*c + 4*t + 5 = t, -3*c + 4*t + 18 = 0. What is the remainder when u is divided by c?
1
Let p = -1210 - -1468. Calculate the remainder when p is divided by 64.
2
Let w(h) = -h + 19. Let k be w(10). Suppose -2*u = n - 19, 2*n = -n + k. Let a(g) = g**3 + 2*g + 5. What is the remainder when a(3) is divided by u?
6
Let y(i) = 19*i**2 + 29*i - 165. What is the remainder when y(6) is divided by 29?
26
Let x(k) = k**2 + 13*k + 34. Calculate the remainder when 67 is divided by x(-14).
19
What is the remainder when 158 is divided by -2*(-19 + (20/4)/(-5))?
38
Suppose 0*t - 18 = p + 5*t, -5*p - 2 = 3*t. Suppose -6 = -2*j - l - l, -p*j + 12 = -l. Calculate the remainder when 8 is divided by j.
3
Suppose -t + 3*l + 42 = -2*l, 0 = 3*t + 5*l - 106. Suppose -6*f + 43 = -5. Calculate the remainder when t is divided by f.
5
Let l = -22 - 11. Let j = l - -54. Let w = j - 14. Calculate the remainder when w is divided by 5.
2
Let k(d) = 3*d**2 + 88*d - 37. What is the remainder when 481 is divided by k(-30)?
21
What is the remainder when 128 is divided by (108/63 + -2)/(1/(-119))?
26
Let x(p) = -4*p. Suppose -g + 5*a = 3*g - 19, -11 = g + 4*a. Suppose 0 = -l + m + 3 - g, -l = -5*m + 14. What is the remainder when x(-7) is divided by l?
4
What is the remainder when 149 is divided by (-48)/(-3) - (3 - (-1 + 3))?
14
Let s = -21 - -18. What is the remainder when (s - -1)*(-172)/8 is divided by 11?
10
Suppose p + l = 4*l + 119, 3*p - 331 = -4*l. Suppose 247 = 5*w - p. Calculate the remainder when w is divided by 25.
22
Let j be 3/((-4)/8*3). What is the remainder when 46 - 0*(-1)/j is divided by 16?
14
Let d(p) = 11*p**3 + 15*p**2 - 2*p + 1. Let a(i) = 4*i**3 + 5*i**2 - i. Let r(y) = -8*a(y) + 3*d(y). What is the remainder when 54 is divided by r(-4)?
10
Let k(a) = 2*a - 12. Let t be k(11). What is the remainder when -2 - 4*(-15)/t is divided by 3?
1
Let v(z) = 2*z**2 - 53*z + 19. What is the remainder when v(32) is divided by 34?
31
Let f be 6/(-4)*(-8)/6. Suppose 8 + 14 = f*w. What is the remainder when w is divided by 7?
4
Let w(o) = 3*o**3 + o**2. Let c be w(1). Let v be c - (-16)/(3 - 5). Calculate the remainder when 38 is divided by 204/24 - (-2)/v.
6
What is the remainder when 2337/38 + 2/(-4) is divided by (-138)/(-18) - (-4)/(-6)?
5
Suppose 106*b = 140*b - 8636. Calculate the remainder when b is divided by 65.
59
Suppose -a + 6*i = 7*i - 19, 0 = -3*a + 2*i + 72. What is the remainder when 151 is divided by a?
19
Suppose 1 = -4*u + 25. What is the remainder when 22 is divided by u?
4
Suppose -h + 1730 - 1698 = 0. What is the remainder when 181 is divided by h?
21
Let p = 94 - 85. What is the remainder when 14 is divided by p - (2 + 4 + -2)?
4
Calculate the remainder when 59 + -54 - (-19)/1 is divided by 10.
4
Let s(m) = -m**2 - 12*m - 1. Suppose -165 - 379 = -4*o. What is the remainder when o is divided by s(-6)?
31
Let z = -208 + 210. Suppose -3*n + 14 = -s - 5, -4*n + z*s = -26. Calculate the remainder when -16*((0 - -2) + -3) is divided by n.
4
Let c(r) = 2*r**2 + r - 13. Suppose 5*p + 24 = -p. What is the remainder when 73 is divided by c(p)?
13
Let k = -363 - -367. What is the remainder when 7*((-6)/(-2) - 2) is divided by k?
3
Suppose -5*g + 2*z + 24 = 0, -g + z - 6*z = 6. Suppose g*k = -0*k + 416. What is the remainder when k is divided by 27?
23
Suppose 108 = -6*c + 24. Let u be -1*c*(-14)/4. Calculate the remainder when (-2 + u)*4/(-12) is divided by 6.
5
Let g = 46 - 43. Let q = -1 + g. Calculate the remainder when 5 is divided by q.
1
Let j = -31 + 46. Suppose -17*n + 10 = -58. Calculate the remainder when j is divided by n.
3
Let x = 10 - 5. Suppose 10*q - 60 = x*q. What is the remainder when 69 is divided by q?
9
Let v(f) = f**2 + 3*f + 3. Suppose 5*s - 20 - 5 = 0. What is the remainder when v(-5) is divided by 19/5 + 1/s?
1
Suppose 2*f - 2 = 12. Let g = -3 + f. Suppose -g*i = -3*w - 73, 26 = i + 2*w + 5. Calculate the remainder when i is divided by 10.
9
Let j(h) be the second derivative of h**3/3 - 3*h**2 + 8*h. What is the remainder when 16 is divided by j(8)?
6
Suppose -30*l - 2340 + 5910 = 0. What is the remainder when 829 is divided by l?
115
Suppose -c + 97 = -v, -3*v - 194 = -2*c + v. Calculate the remainder when c is divided by (-4)/18 - (6356/(-63))/4.
22
Suppose 2*n + 2*u + 6 = 4*n, -4*n - u + 7 = 0. Suppose -2 = -2*z, -n*z - 40 = -2*d + 80. Calculate the remainder when d is divided by 7.
5
Suppose 3*n - 95 = -2*n. Suppose 4*y = 2*t + 282, -y - 6*t + 2*t = -66. Calculate the remainder when y is divided by n.
13
Let c = -4 + 8. Let z(l) = 3*l**2 - 3*l + 11. What is the remainder when z(c) is divided by 13?
8
Suppose -4*d = -2*y + 14, -10*y + 11*y - 4 = -d. Suppose -i + 191 = 4*b, -y*b = 2*i - i - 238. Calculate the remainder when b is divided by (-1 - 5)*(-3 + 1).
11
Suppose -y = -l + 4, 4*l + 108*y = 106*y + 22. What is the remainder when 34 is divided by l?
4
What is the remainder when 493 is divided by -21*(4 - ((-28)/(-3) + -5))?
3
Let p = -7 + 28. Let u = -12 + 0. Let o(n) = n**3 + 11*n**2 - 14*n - 13. What is the remainder when p is divided by o(u)?
10
Suppose -5*k + 5*d + 9 = -1, -2 = d. Suppose k*s - 4*s + 196 = 0. Suppose -5*w = 4*u - 37, -3*u + w + 42 = -0*w. What is the remainder when s is divided by u?
10
Suppose -8 = -7*x + 3*x, -367 = -3*j - 2*x. Calculate the remainder when j is divided by 21.
16
Let z(x) = -x**3 - x + 13. Suppose -2542 = -114*m + 4526. What is the remainder when m is divided by z(0)?
10
Suppose -28 = 5*t - 4*t. What is the remainder when -7*(3 + (-3 - (-24)/t)) is divided by 1?
0
Let g(l) = l**2 + 4*l + 28. What is the remainder when g(-9) is divided by 66?
7
Let s = -13 - -17. Suppose -s = -2*a, 2*l - 78 = l + a. Suppose 2*g = -m + l, m = -g - 4*m + 31. Calculate the remainder when g is divided by 22.
19
Let s(w) = -w**3 + 7*w**2 + 6*w + 1. Let z(f) = -50*f**2 + 7*f + 2. Let b be z(-2). Let r = -193 - b. What is the remainder when s(6) is divided by r?
16
Suppose -5*x - 2*m + 95 = 0, -2*x - 3*m = -2*m - 39. What is 